275008?
5
What is the hundred thousands digit of 181867?
1
What is the tens digit of 5001645?
4
What is the hundred thousands digit of 1443290?
4
What is the units digit of 84746?
6
What is the hundred thousands digit of 280499?
2
What is the units digit of 5737659?
9
What is the hundreds digit of 519118?
1
What is the tens digit of 799139?
3
What is the units digit of 65025?
5
What is the tens digit of 13223?
2
What is the units digit of 2178909?
9
What is the tens digit of 9514602?
0
What is the hundreds digit of 59369?
3
What is the tens digit of 1136527?
2
What is the units digit of 113982?
2
What is the ten thousands digit of 310198?
1
What is the millions digit of 2678520?
2
What is the hundred thousands digit of 725210?
7
What is the hundreds digit of 758790?
7
What is the hundreds digit of 139353?
3
What is the thousands digit of 32832921?
2
What is the hundreds digit of 1137834?
8
What is the hundred thousands digit of 303921?
3
What is the hundreds digit of 460494?
4
What is the units digit of 244504?
4
What is the tens digit of 126890?
9
What is the thousands digit of 708080?
8
What is the units digit of 6456870?
0
What is the units digit of 200435?
5
What is the hundreds digit of 1492269?
2
What is the tens digit of 6840176?
7
What is the tens digit of 755132?
3
What is the hundreds digit of 418952?
9
What is the units digit of 3149651?
1
What is the hundreds digit of 1919379?
3
What is the hundred thousands digit of 5583361?
5
What is the tens digit of 951680?
8
What is the ten thousands digit of 17052087?
5
What is the millions digit of 1671962?
1
What is the hundred thousands digit of 1796502?
7
What is the hundreds digit of 15747018?
0
What is the hundreds digit of 7829653?
6
What is the ten thousands digit of 1189274?
8
What is the thousands digit of 4442440?
2
What is the thousands digit of 768429?
8
What is the tens digit of 299260?
6
What is the units digit of 3952433?
3
What is the tens digit of 752680?
8
What is the ten thousands digit of 784986?
8
What is the hundreds digit of 711264?
2
What is the tens digit of 1945028?
2
What is the thousands digit of 13748758?
8
What is the thousands digit of 14035556?
5
What is the millions digit of 3231409?
3
What is the hundreds digit of 171382?
3
What is the ten thousands digit of 245516?
4
What is the hundred thousands digit of 8198587?
1
What is the ten thousands digit of 10297?
1
What is the tens digit of 1230501?
0
What is the hundred thousands digit of 11258279?
2
What is the tens digit of 4188608?
0
What is the millions digit of 20317211?
0
What is the units digit of 30229065?
5
What is the ten thousands digit of 156507?
5
What is the tens digit of 5780518?
1
What is the ten thousands digit of 323847?
2
What is the hundred thousands digit of 390768?
3
What is the hundred thousands digit of 2543122?
5
What is the thousands digit of 589799?
9
What is the ten thousands digit of 4699291?
9
What is the tens digit of 69591?
9
What is the tens digit of 1523727?
2
What is the thousands digit of 26756683?
6
What is the units digit of 163939?
9
What is the hundred thousands digit of 2153166?
1
What is the hundred thousands digit of 757981?
7
What is the hundred thousands digit of 1875437?
8
What is the units digit of 1797533?
3
What is the tens digit of 890624?
2
What is the ten thousands digit of 5801275?
0
What is the tens digit of 15303064?
6
What is the thousands digit of 1668117?
8
What is the thousands digit of 883160?
3
What is the thousands digit of 137275?
7
What is the hundreds digit of 3116474?
4
What is the tens digit of 739995?
9
What is the units digit of 1003692?
2
What is the tens digit of 116291?
9
What is the units digit of 912554?
4
What is the hundred thousands digit of 9111725?
1
What is the thousands digit of 1042980?
2
What is the units digit of 172768?
8
What is the units digit of 2275576?
6
What is the millions digit of 17502636?
7
What is the hundred thousands digit of 570422?
5
What is the hundreds digit of 205089?
0
What is the units digit of 165046?
6
What is the units digit of 500470?
0
What is the tens digit of 11295436?
3
What is the hundreds digit of 15964530?
5
What is the ten thousands digit of 4294400?
9
What is the hundreds digit of 13244770?
7
What is the ten thousands digit of 3750780?
5
What is the thousands digit of 4108282?
8
What is the hundreds digit of 8378477?
4
What is the thousands digit of 1932181?
2
What is the units digit of 100252?
2
What is the units digit of 55565?
5
What is the hundreds digit of 7926982?
9
What is the ten thousands digit of 14621?
1
What is the tens digit of 913521?
2
What is the units digit of 312691?
1
What is the hundred thousands digit of 292818?
2
What is the ten thousands digit of 357834?
5
What is the tens digit of 46124?
2
What is the millions digit of 30816665?
0
What is the units digit of 430864?
4
What is the tens digit of 36525975?
7
What is the thousands digit of 20764515?
4
What is the units digit of 1348974?
4
What is the thousands digit of 3601183?
1
What is the hundreds digit of 10172734?
7
What is the thousands digit of 200646?
0
What is the hundreds digit of 4341626?
6
What is the ten thousands digit of 1772341?
7
What is the ten thousands digit of 286169?
8
What is the ten millions digit of 13984556?
1
What is the tens digit of 40326915?
1
What is the units digit of 1520310?
0
What is the hundreds digit of 978947?
9
What is the tens digit of 18224909?
0
What is the hundreds digit of 223352?
3
What is the hundreds digit of 8941030?
0
What is the tens digit of 83229?
2
What is the ten thousands digit of 4217395?
1
What is the millions digit of 1345407?
1
What is the thousands digit of 3375172?
5
What is the tens digit of 2643928?
2
What is the units digit of 56759?
9
What is the tens digit of 149215?
1
What is the hundreds digit of 84869?
8
What is the hundred thousands digit of 10690969?
6
What is the thousands digit of 10636955?
6
What is the tens digit of 18294106?
0
What is the hundred thousands digit of 634737?
6
What is the hundreds digit of 5540628?
6
What is the hundred thousands digit of 473674?
4
What is the hundred thousands digit of 2970346?
9
What is the hundreds digit of 2048474?
4
What is the units digit of 95298?
8
What is the ten thousands digit of 180542?
8
What is the hundreds digit of 734242?
2
What is the hundred thousands digit of 921387?
9
What is the hundred thousands digit of 19001483?
0
What is the tens digit of 764406?
0
What is the units digit of 185507?
7
What is the units digit of 3208568?
8
What is the hundreds digit of 821906?
9
What is the hundred thousands digit of 198602?
1
What is the hundred thousands digit of 33187335?
1
What is the hundreds digit of 33076?
0
What is the tens digit of 267272?
7
What is the hundred thousands digit of 152221?
1
What is the tens digit of 68723?
2
What is the hundred thousands digit of 385512?
3
What is the units digit of 8905?
5
What is the ten thousands digit of 281811?
8
What is the millions digit of 6257118?
6
What is the tens digit of 643174?
7
What is the hundreds digit of 103931?
9
What is the millions digit of 2459615?
2
What is the hundreds digit of 13936312?
3
What is the units digit of 18188050?
0
What is the hundred thousands digit of 7664473?
6
What is the ten thousands digit of 291562?
9
What is the hundred thousands digit of 3013181?
0
What is the units digit of 20604013?
3
What is the hundreds digit of 22958298?
2
What is the millions digit of 8764583?
8
What is the tens digit of 933777?
7
What is the ten thousands digit of 142440?
4
What is the hundreds digit of 565234?
2
What is the tens digit of 5805201?
0
What is the ten thousands digit of 473857?
7
What is the hundreds digit of 14600017?
0
What is the hundred thousands digit of 294789?
2
What is the units digit of 84060?
0
What is the hundred thousands digit of 153654?
1
What is the thousands digit of 2195871?
5
What is the units digit of 1384761?
1
What is the ten thousands digit of 717833?
1
What is the thousands digit of 901536?
1
What is the hundreds digit of 712075?
0
What is the tens digit of 900511?
1
What is the ten thousands digit of 424263?
2
What is the ten thousands digit of 729253?
2
What is the tens digit of 3254380?
8
What is the units dig